{"id":507,"date":"2019-08-31T13:22:08","date_gmt":"2019-08-31T11:22:08","guid":{"rendered":"https:\/\/www.uwe-johannsen.de\/wp1\/?page_id=507"},"modified":"2019-08-31T20:13:03","modified_gmt":"2019-08-31T18:13:03","slug":"models","status":"publish","type":"page","link":"https:\/\/www.uwe-johannsen.de\/wp1\/models\/","title":{"rendered":"models &#038; makup"},"content":{"rendered":"\t\t<div data-elementor-type=\"wp-post\" data-elementor-id=\"507\" class=\"elementor elementor-507\">\n\t\t\t\t\t\t<section class=\"elementor-section elementor-top-section elementor-element elementor-element-891ac23 elementor-section-boxed elementor-section-height-default elementor-section-height-default\" data-id=\"891ac23\" data-element_type=\"section\">\n\t\t\t\t\t\t<div class=\"elementor-container elementor-column-gap-default\">\n\t\t\t\t\t<div class=\"elementor-column elementor-col-100 elementor-top-column elementor-element elementor-element-64055eb\" data-id=\"64055eb\" data-element_type=\"column\">\n\t\t\t<div class=\"elementor-widget-wrap elementor-element-populated\">\n\t\t\t\t\t\t<div class=\"elementor-element elementor-element-32aaafb elementor-widget elementor-widget-image\" data-id=\"32aaafb\" data-element_type=\"widget\" data-widget_type=\"image.default\">\n\t\t\t\t<div class=\"elementor-widget-container\">\n\t\t\t\t\t\t\t\t\t\t\t\t\t\t\t<img fetchpriority=\"high\" decoding=\"async\" width=\"1024\" height=\"508\" src=\"https:\/\/www.uwe-johannsen.de\/wp1\/wp-content\/uploads\/2019\/08\/models1.jpg\" class=\"attachment-full size-full wp-image-535\" alt=\"model sedcard tfp\" srcset=\"https:\/\/www.uwe-johannsen.de\/wp1\/wp-content\/uploads\/2019\/08\/models1.jpg 1024w, https:\/\/www.uwe-johannsen.de\/wp1\/wp-content\/uploads\/2019\/08\/models1-300x149.jpg 300w, https:\/\/www.uwe-johannsen.de\/wp1\/wp-content\/uploads\/2019\/08\/models1-768x381.jpg 768w\" sizes=\"(max-width: 1024px) 100vw, 1024px\" \/>\t\t\t\t\t\t\t\t\t\t\t\t\t\t\t<\/div>\n\t\t\t\t<\/div>\n\t\t\t\t\t<\/div>\n\t\t<\/div>\n\t\t\t\t\t<\/div>\n\t\t<\/section>\n\t\t\t\t<section class=\"elementor-section elementor-top-section elementor-element elementor-element-e283978 elementor-section-boxed elementor-section-height-default elementor-section-height-default\" data-id=\"e283978\" data-element_type=\"section\">\n\t\t\t\t\t\t<div class=\"elementor-container elementor-column-gap-default\">\n\t\t\t\t\t<div class=\"elementor-column elementor-col-100 elementor-top-column elementor-element elementor-element-2fcefc8\" data-id=\"2fcefc8\" data-element_type=\"column\">\n\t\t\t<div class=\"elementor-widget-wrap elementor-element-populated\">\n\t\t\t\t\t\t<div class=\"elementor-element elementor-element-1067b7b elementor-widget elementor-widget-heading\" data-id=\"1067b7b\" data-element_type=\"widget\" data-widget_type=\"heading.default\">\n\t\t\t\t<div class=\"elementor-widget-container\">\n\t\t\t\t\t<h1 class=\"elementor-heading-title elementor-size-default\">informationen f\u00fcr models und makeup artists<\/h1>\t\t\t\t<\/div>\n\t\t\t\t<\/div>\n\t\t\t\t\t<\/div>\n\t\t<\/div>\n\t\t\t\t\t<\/div>\n\t\t<\/section>\n\t\t\t\t<section class=\"elementor-section elementor-top-section elementor-element elementor-element-5dbea46 elementor-section-boxed elementor-section-height-default elementor-section-height-default\" data-id=\"5dbea46\" data-element_type=\"section\">\n\t\t\t\t\t\t<div class=\"elementor-container elementor-column-gap-default\">\n\t\t\t\t\t<div class=\"elementor-column elementor-col-100 elementor-top-column elementor-element elementor-element-7d9e8b9\" data-id=\"7d9e8b9\" data-element_type=\"column\">\n\t\t\t<div class=\"elementor-widget-wrap elementor-element-populated\">\n\t\t\t\t\t\t<div class=\"elementor-element elementor-element-e552f58 elementor-widget elementor-widget-text-editor\" data-id=\"e552f58\" data-element_type=\"widget\" data-widget_type=\"text-editor.default\">\n\t\t\t\t<div class=\"elementor-widget-container\">\n\t\t\t\t\t\t\t\t\t<p><b>sedcard- und bookshootings<br \/><\/b>du brauchst frische bilder f\u00fcr deine sedcard oder dein book? &#8230;oder du f\u00e4ngst neu bei einer agentur an und ben\u00f6tigst \u00fcberhaupt erst mal professionelles bildmaterial von dir? dann bist du bei mir richtig. da ich seit zig jahren mit models und agenturen arbeite, weiss ich worauf es ankommt, und kann f\u00fcr dich bildmaterial produzieren, mit dem du wirklich etwas anfangen kannst. preise auf anfrage.<\/p><p><b>freie arbteiten (tfp)<\/b><br \/>f\u00fcr meine freien arbeiten suche ich immer wieder models (weiblich ab 18) sowie hair &amp; makeup artists. melde dich bei interesse einfach mit ein paar beispielbildern deiner bisherigen arbeiten und, wenn du model bist, mit ein paar polas bei mir.<\/p><p><b>regelm\u00e4\u00dfige zusammenarbeit<\/b><br \/>aktuell suche ich hier in meiner region (etwa im umkreis von 100 km) models sowie hair &amp; makeup artist mit denen ich regelm\u00e4\u00dfig zusammenarbeiten kann. das betrifft sowohl freie als auch kommerzielle arbeiten (z.b. f\u00fcr meine kunden im bereich werbung, mode, etc.).<\/p>\t\t\t\t\t\t\t\t<\/div>\n\t\t\t\t<\/div>\n\t\t\t\t\t<\/div>\n\t\t<\/div>\n\t\t\t\t\t<\/div>\n\t\t<\/section>\n\t\t\t\t<\/div>\n\t\t","protected":false},"excerpt":{"rendered":"<p>informationen f\u00fcr models und makeup artists sedcard- und bookshootings du brauchst frische bilder f\u00fcr deine sedcard oder dein book? &#8230;oder du f\u00e4ngst neu bei einer agentur an und ben\u00f6tigst \u00fcberhaupt erst mal professionelles bildmaterial von dir? dann bist du bei mir richtig. da ich seit zig jahren mit models und agenturen arbeite, weiss ich worauf es ankommt, und kann f\u00fcr dich bildmaterial produzieren, mit dem du wirklich etwas anfangen kannst. preise auf anfrage. freie arbteiten (tfp) f\u00fcr meine freien arbeiten suche ich immer wieder models (weiblich ab 18) sowie hair &amp; makeup artists. melde dich bei interesse einfach mit ein paar beispielbildern deiner bisherigen arbeiten und, wenn du model bist, mit ein paar polas bei mir. regelm\u00e4\u00dfige zusammenarbeit aktuell suche ich hier in meiner region (etwa im umkreis von 100 km) models sowie hair &amp; makeup artist mit denen ich regelm\u00e4\u00dfig zusammenarbeiten kann. das betrifft sowohl freie als auch kommerzielle&hellip;<\/p>\n<p> <a class=\"more-link\" href=\"https:\/\/www.uwe-johannsen.de\/wp1\/models\/\">Weiterlesen<\/a><\/p>\n","protected":false},"author":1,"featured_media":0,"parent":0,"menu_order":0,"comment_status":"closed","ping_status":"closed","template":"","meta":{"footnotes":""},"class_list":["post-507","page","type-page","status-publish"],"_links":{"self":[{"href":"https:\/\/www.uwe-johannsen.de\/wp1\/wp-json\/wp\/v2\/pages\/507","targetHints":{"allow":["GET"]}}],"collection":[{"href":"https:\/\/www.uwe-johannsen.de\/wp1\/wp-json\/wp\/v2\/pages"}],"about":[{"href":"https:\/\/www.uwe-johannsen.de\/wp1\/wp-json\/wp\/v2\/types\/page"}],"author":[{"embeddable":true,"href":"https:\/\/www.uwe-johannsen.de\/wp1\/wp-json\/wp\/v2\/users\/1"}],"replies":[{"embeddable":true,"href":"https:\/\/www.uwe-johannsen.de\/wp1\/wp-json\/wp\/v2\/comments?post=507"}],"version-history":[{"count":5,"href":"https:\/\/www.uwe-johannsen.de\/wp1\/wp-json\/wp\/v2\/pages\/507\/revisions"}],"predecessor-version":[{"id":578,"href":"https:\/\/www.uwe-johannsen.de\/wp1\/wp-json\/wp\/v2\/pages\/507\/revisions\/578"}],"wp:attachment":[{"href":"https:\/\/www.uwe-johannsen.de\/wp1\/wp-json\/wp\/v2\/media?parent=507"}],"curies":[{"name":"wp","href":"https:\/\/api.w.org\/{rel}","templated":true}]}}