{"id":505,"date":"2019-08-31T14:02:30","date_gmt":"2019-08-31T12:02:30","guid":{"rendered":"https:\/\/www.uwe-johannsen.de\/wp1\/?page_id=505"},"modified":"2019-08-31T20:11:03","modified_gmt":"2019-08-31T18:11:03","slug":"privatkunden-portrait-hochzeit-erotik","status":"publish","type":"page","link":"https:\/\/www.uwe-johannsen.de\/wp1\/privatkunden-portrait-hochzeit-erotik\/","title":{"rendered":"privatkunden"},"content":{"rendered":"\t\t<div data-elementor-type=\"wp-post\" data-elementor-id=\"505\" class=\"elementor elementor-505\">\n\t\t\t\t\t\t<section class=\"elementor-section elementor-top-section elementor-element elementor-element-bf97428 elementor-section-boxed elementor-section-height-default elementor-section-height-default\" data-id=\"bf97428\" data-element_type=\"section\">\n\t\t\t\t\t\t<div class=\"elementor-container elementor-column-gap-default\">\n\t\t\t\t\t<div class=\"elementor-column elementor-col-100 elementor-top-column elementor-element elementor-element-573e053\" data-id=\"573e053\" data-element_type=\"column\">\n\t\t\t<div class=\"elementor-widget-wrap elementor-element-populated\">\n\t\t\t\t\t\t<div class=\"elementor-element elementor-element-0089d3d elementor-widget elementor-widget-image\" data-id=\"0089d3d\" data-element_type=\"widget\" data-widget_type=\"image.default\">\n\t\t\t\t<div class=\"elementor-widget-container\">\n\t\t\t\t\t\t\t\t\t\t\t\t\t\t\t<img fetchpriority=\"high\" decoding=\"async\" width=\"1024\" height=\"641\" src=\"https:\/\/www.uwe-johannsen.de\/wp1\/wp-content\/uploads\/2019\/08\/privat1.jpg\" class=\"attachment-full size-full wp-image-546\" alt=\"privatkunden portrait erotik akt\" srcset=\"https:\/\/www.uwe-johannsen.de\/wp1\/wp-content\/uploads\/2019\/08\/privat1.jpg 1024w, https:\/\/www.uwe-johannsen.de\/wp1\/wp-content\/uploads\/2019\/08\/privat1-300x188.jpg 300w, https:\/\/www.uwe-johannsen.de\/wp1\/wp-content\/uploads\/2019\/08\/privat1-768x481.jpg 768w\" sizes=\"(max-width: 1024px) 100vw, 1024px\" \/>\t\t\t\t\t\t\t\t\t\t\t\t\t\t\t<\/div>\n\t\t\t\t<\/div>\n\t\t\t\t\t<\/div>\n\t\t<\/div>\n\t\t\t\t\t<\/div>\n\t\t<\/section>\n\t\t\t\t<section class=\"elementor-section elementor-top-section elementor-element elementor-element-6adc26c elementor-section-boxed elementor-section-height-default elementor-section-height-default\" data-id=\"6adc26c\" data-element_type=\"section\">\n\t\t\t\t\t\t<div class=\"elementor-container elementor-column-gap-default\">\n\t\t\t\t\t<div class=\"elementor-column elementor-col-100 elementor-top-column elementor-element elementor-element-893c7f0\" data-id=\"893c7f0\" data-element_type=\"column\">\n\t\t\t<div class=\"elementor-widget-wrap elementor-element-populated\">\n\t\t\t\t\t\t<div class=\"elementor-element elementor-element-10f755e elementor-widget elementor-widget-heading\" data-id=\"10f755e\" data-element_type=\"widget\" data-widget_type=\"heading.default\">\n\t\t\t\t<div class=\"elementor-widget-container\">\n\t\t\t\t\t<h1 class=\"elementor-heading-title elementor-size-default\">informationen f\u00fcr privatkunden<\/h1>\t\t\t\t<\/div>\n\t\t\t\t<\/div>\n\t\t\t\t\t<\/div>\n\t\t<\/div>\n\t\t\t\t\t<\/div>\n\t\t<\/section>\n\t\t\t\t<section class=\"elementor-section elementor-top-section elementor-element elementor-element-072eddc elementor-section-boxed elementor-section-height-default elementor-section-height-default\" data-id=\"072eddc\" data-element_type=\"section\">\n\t\t\t\t\t\t<div class=\"elementor-container elementor-column-gap-default\">\n\t\t\t\t\t<div class=\"elementor-column elementor-col-100 elementor-top-column elementor-element elementor-element-f1b6811\" data-id=\"f1b6811\" data-element_type=\"column\">\n\t\t\t<div class=\"elementor-widget-wrap elementor-element-populated\">\n\t\t\t\t\t\t<div class=\"elementor-element elementor-element-62a26f2 elementor-widget elementor-widget-text-editor\" data-id=\"62a26f2\" data-element_type=\"widget\" data-widget_type=\"text-editor.default\">\n\t\t\t\t<div class=\"elementor-widget-container\">\n\t\t\t\t\t\t\t\t\t<p>neben meinem hauptt\u00e4tigkeitsfeld, der kommerziellen fotografie f\u00fcr gesch\u00e4ftskunden, werde ich auch immer wieder gern von privatkunden gebucht. bei interesse nehmen sie am besten per<a href=\"https:\/\/www.uwe-johannsen.de\/wp1\/impressum\/\"> telefon oder e-mail <\/a>kontakt mit mir auf. dann kl\u00e4ren wir in einem pers\u00f6nlichen gespr\u00e4ch was sie sich vorstellen und wie wir es gemeinsam umsetzen k\u00f6nnen. ob sie anpruchsvolle portraits ben\u00f6tigen, einen zuverl\u00e4ssigen <a href=\"https:\/\/www.uwe-johannsen.de\/wp1\/hochzeitsfotograf-wernigerode-blankenburg-harz\/\">hochzeitsfotografen<\/a> suchen oder es sich um etwas v\u00f6llig anderes handelt. lassen sie uns dr\u00fcber sprechen. &#8230;nur passbilder werden sie bei mir nicht bekommen.\u00a0<\/p><p>vielleicht wollen sie sich auch endlich einmal ihren traum erf\u00fcllen, und sinnlich, erotische aufnahmen von sich machen lassen? f\u00fcr sich ganz pers\u00f6nlich, oder als geschenk f\u00fcr ihren partner. dann verrate ich ihnen jetzt ein geheimnis: mehr als 85% aller privatkundinen buchen mich genau f\u00fcr diesen zweck. wenn sie also einen diskreten fotografen f\u00fcr anspruchsvolle\u00a0<a href=\"https:\/\/photo-obsession.de\/\" target=\"_blank\" rel=\"noopener\">fine art erotica<\/a>\u00a0suchen, der viel erfahrung auf diesem gebiet hat, einf\u00fchlsam ist und genau weiss, wie er sie am besten und\u00a0niveauvoll in szene setzt, dann vereinbaren sie einen termin f\u00fcr ein vorgespr\u00e4ch mit mir.<\/p>\t\t\t\t\t\t\t\t<\/div>\n\t\t\t\t<\/div>\n\t\t\t\t\t<\/div>\n\t\t<\/div>\n\t\t\t\t\t<\/div>\n\t\t<\/section>\n\t\t\t\t<\/div>\n\t\t","protected":false},"excerpt":{"rendered":"<p>informationen f\u00fcr privatkunden neben meinem hauptt\u00e4tigkeitsfeld, der kommerziellen fotografie f\u00fcr gesch\u00e4ftskunden, werde ich auch immer wieder gern von privatkunden gebucht. bei interesse nehmen sie am besten per telefon oder e-mail kontakt mit mir auf. dann kl\u00e4ren wir in einem pers\u00f6nlichen gespr\u00e4ch was sie sich vorstellen und wie wir es gemeinsam umsetzen k\u00f6nnen. ob sie anpruchsvolle portraits ben\u00f6tigen, einen zuverl\u00e4ssigen hochzeitsfotografen suchen oder es sich um etwas v\u00f6llig anderes handelt. lassen sie uns dr\u00fcber sprechen. &#8230;nur passbilder werden sie bei mir nicht bekommen.&nbsp; vielleicht wollen sie sich auch endlich einmal ihren traum erf\u00fcllen, und sinnlich, erotische aufnahmen von sich machen lassen? f\u00fcr sich ganz pers\u00f6nlich, oder als geschenk f\u00fcr ihren partner. dann verrate ich ihnen jetzt ein geheimnis: mehr als 85% aller privatkundinen buchen mich genau f\u00fcr diesen zweck. wenn sie also einen diskreten fotografen f\u00fcr anspruchsvolle&nbsp;fine art erotica&nbsp;suchen, der viel erfahrung auf diesem gebiet hat, einf\u00fchlsam ist und genau weiss,&hellip;<\/p>\n<p> <a class=\"more-link\" href=\"https:\/\/www.uwe-johannsen.de\/wp1\/privatkunden-portrait-hochzeit-erotik\/\">Weiterlesen<\/a><\/p>\n","protected":false},"author":1,"featured_media":0,"parent":0,"menu_order":0,"comment_status":"closed","ping_status":"closed","template":"","meta":{"footnotes":""},"class_list":["post-505","page","type-page","status-publish"],"_links":{"self":[{"href":"https:\/\/www.uwe-johannsen.de\/wp1\/wp-json\/wp\/v2\/pages\/505","targetHints":{"allow":["GET"]}}],"collection":[{"href":"https:\/\/www.uwe-johannsen.de\/wp1\/wp-json\/wp\/v2\/pages"}],"about":[{"href":"https:\/\/www.uwe-johannsen.de\/wp1\/wp-json\/wp\/v2\/types\/page"}],"author":[{"embeddable":true,"href":"https:\/\/www.uwe-johannsen.de\/wp1\/wp-json\/wp\/v2\/users\/1"}],"replies":[{"embeddable":true,"href":"https:\/\/www.uwe-johannsen.de\/wp1\/wp-json\/wp\/v2\/comments?post=505"}],"version-history":[{"count":8,"href":"https:\/\/www.uwe-johannsen.de\/wp1\/wp-json\/wp\/v2\/pages\/505\/revisions"}],"predecessor-version":[{"id":577,"href":"https:\/\/www.uwe-johannsen.de\/wp1\/wp-json\/wp\/v2\/pages\/505\/revisions\/577"}],"wp:attachment":[{"href":"https:\/\/www.uwe-johannsen.de\/wp1\/wp-json\/wp\/v2\/media?parent=505"}],"curies":[{"name":"wp","href":"https:\/\/api.w.org\/{rel}","templated":true}]}}